{"id":227,"date":"2020-01-22T10:16:02","date_gmt":"2020-01-22T09:16:02","guid":{"rendered":"https:\/\/www.levergerdechamplion.org\/?page_id=227"},"modified":"2023-12-12T08:59:29","modified_gmt":"2023-12-12T07:59:29","slug":"membres","status":"publish","type":"page","link":"https:\/\/levergerdechamplion.org\/?page_id=227","title":{"rendered":"Membres"},"content":{"rendered":"<p><\/p>\n<h1 style=\"text-align: center;\">Les portes du Verger sont ouvertes \u00e0 tous ses membres<\/h1>\n<p><\/p>\n<p><\/p>\n<p><\/p><p><\/p>\n<p>Les\u00a0associations \u00e0 but non lucratif peuvent aussi adh\u00e9rer au Verger de Champlion . Elles permettent ainsi\u00a0\u00e0 leurs membres et b\u00e9n\u00e9ficiaires de profiter des\u00a0s\u00e9jours , aussi bien pour des s\u00e9minaires de travail que pour des vacances accessibles ou \u00e9ventuellement pour participer \u00e0 nos chantiers de jardinage et r\u00e9novation.<\/p>\n<p><\/p>\n<p><\/p>\n<p><\/p><p>&#8211; <strong>Particuliers urbains<\/strong> qui veulent se garantir des pauses au vert, soit en week-end ou s\u00e9jour tranquille, soit \u00e0 l&rsquo;occasion de chantiers de r\u00e9novation ou jardinage.<\/p>\n<p>&#8211; <strong>Voisins du canton<\/strong> qui voudront offrir \u00e0 leurs amis une \u00e9tape se sommeil ou une journ\u00e9e de f\u00eate, \u00e0 l&rsquo;occasion d&rsquo;anniversaires, c\u00e9l\u00e9brations diverses ou \u00e9v\u00e8nements publics locaux.<\/p>\n<p>&#8211; <strong>Associations<\/strong> qui veulent proposer \u00e0 leurs membres des locaux pour un s\u00e9minaire de travail ou une excursion dans la r\u00e9gion, abordable car rustique, participatif et accessible.<\/p>\n<p>&#8211; <strong>Associations caritatives<\/strong> qui veulent proposer \u00e0 leurs b\u00e9n\u00e9ficiaires quelques jours de repos pour se ressourcer, ou une nuit \u00e0 l&rsquo;abri en cas d&rsquo;urgence.<\/p><h3 style=\"text-align: center;\">Sous l\u2019\u0153il vigilant de l\u2019adh\u00e9rent responsable, les enfants, les personnes \u00e2g\u00e9es d\u00e9pendantes <br \/>et les animaux de compagnie sont tr\u00e8s bienvenus.<\/h3>\t\t\n\t\t\t\t\t\t\t\t\t\t\t\t<img src=\"https:\/\/levergerdechamplion.org\/wp-content\/uploads\/elementor\/thumbs\/Le-groupe-ok5t7sgie1ti9p2cx8apdhejrnvlwcy3kukgmnlhh0.jpg\" title=\"Le groupe\" alt=\"Le groupe\" loading=\"lazy\" \/>\t\t\t\t\t\t\t\t\t\t\t\t\t\t\n\t\t<p>Les participations et les dons sont les seuls revenus de cette jeune association Loi 1901, non lucrative.<\/p>\n<p>Une inscription de 10\u20ac par an permet au Verger de supporter ses premi\u00e8res charges, et aux membres de pouvoir jouir du lieu tout au long de l&rsquo;ann\u00e9e.<\/p>\n<p>Choisir ensemble les menus et leurs co\u00fbts assure des repas au go\u00fbt et selon les moyens de tous . <br \/>Les participations en nature (mat\u00e9riaux pour la r\u00e9novation de la maison, outils pour le verger etc), ou en services professionnels et artisanaux, sont aussi valoris\u00e9es quotidiennement, au b\u00e9n\u00e9fice des adh\u00e9rents qui les proposent.\u00a0<\/p><p>En vous remerciant tous.<\/p>\t\t\n\t\t\t\t\t\t\t\t\t\t\t\t<img width=\"150\" height=\"150\" src=\"https:\/\/levergerdechamplion.org\/wp-content\/uploads\/2020\/01\/19060094_660922224107765_9086911031278284727_n-150x150.jpg\" alt=\"\" loading=\"lazy\" srcset=\"https:\/\/levergerdechamplion.org\/wp-content\/uploads\/2020\/01\/19060094_660922224107765_9086911031278284727_n-150x150.jpg 150w, https:\/\/levergerdechamplion.org\/wp-content\/uploads\/2020\/01\/19060094_660922224107765_9086911031278284727_n-300x300.jpg 300w, https:\/\/levergerdechamplion.org\/wp-content\/uploads\/2020\/01\/19060094_660922224107765_9086911031278284727_n.jpg 320w\" sizes=\"(max-width: 150px) 100vw, 150px\" \/>\t\t\t\t\t\t\t\t\t\t\t\t\t\t\n\t\t<p style=\"text-align: center;\"><br \/>C\u00e9cile<br \/>Pr\u00e9sidente de l&rsquo;association<\/p><p>Longtemps assistante de directions juridiques ou internationales, C\u00e9cile se d\u00e9die \u00e0 ses responsabilit\u00e9s dans les milieux associatifs qui l\u2019appr\u00e9cient.<\/p><p>\u00ab\u00a0Je viens \u00e0 Champlion depuis mon plus jeune \u00e2ge et \u00e0 mi-vie, j\u2019ai choisi de concr\u00e9tiser mon projet personnel. Je suis soutenue par le souvenir de mes chers disparus et l\u2019efficacit\u00e9 de mes amis.\u00a0\u00bb<\/p>\t\t\n\t\t\t\t\t\t\t\t\t\t\t\t<img width=\"150\" height=\"150\" src=\"https:\/\/levergerdechamplion.org\/wp-content\/uploads\/2023\/12\/lvc-ago23Geo-150x150.jpg\" alt=\"\" loading=\"lazy\" srcset=\"https:\/\/levergerdechamplion.org\/wp-content\/uploads\/2023\/12\/lvc-ago23Geo-150x150.jpg 150w, https:\/\/levergerdechamplion.org\/wp-content\/uploads\/2023\/12\/lvc-ago23Geo-300x300.jpg 300w\" sizes=\"(max-width: 150px) 100vw, 150px\" \/>\t\t\t\t\t\t\t\t\t\t\t\t\t\t\n\t\t<p style=\"text-align: center;\"><br \/>Georges<br \/>Secr\u00e9taire<\/p><p>Membre actif de l&rsquo;association depuis 2020.<\/p><p>\u00ab\u00a0J&rsquo;ai d\u00e9couvert le verger de Champlion sur la carte de la fabrique des <br clear=\"none\">colibris, au printemps 2020, alors que j&rsquo;habite \u00e0 une quinzaine de <br clear=\"none\">kilom\u00e8tres du lieu. Je me sens en phase avec les objectifs du projet, et <br clear=\"none\">souhaite le soutenir du mieux que je peux.\u00a0\u00bb<\/p>\t\t\n\t\t\t\t\t\t\t\t\t\t\t\t<img width=\"150\" height=\"150\" src=\"https:\/\/levergerdechamplion.org\/wp-content\/uploads\/2022\/05\/jasmine-150x150.jpg\" alt=\"\" loading=\"lazy\" srcset=\"https:\/\/levergerdechamplion.org\/wp-content\/uploads\/2022\/05\/jasmine-150x150.jpg 150w, https:\/\/levergerdechamplion.org\/wp-content\/uploads\/2022\/05\/jasmine-300x300.jpg 300w\" sizes=\"(max-width: 150px) 100vw, 150px\" \/>\t\t\t\t\t\t\t\t\t\t\t\t\t\t\n\t\t<p>Jasmine<br \/>Tr\u00e9sori\u00e8re<\/p><p>\u00ab\u00a0Nous avons soutenu activement le projet d\u00e8s son origine et appr\u00e9cions \nde retrouver au Verger de Champlion la tranquillit\u00e9 des espaces \nnaturels, la verdure, les r\u00e9coltes et le patrimoine rural &lsquo;que nous \naimons\u00a0\u00bb<\/p>\t\t\n\t\t\t<h1>Contact<\/h1>\t\t\n\t\tccegalerba@yahoo.fr\n&nbsp;01 60 32 95 90\nou rendez-vous sur la page Facebook <a href=\"https:\/\/www.facebook.com\/groups\/2609454769136951\/\">Le verger de Champlion<\/a>","protected":false},"excerpt":{"rendered":"<p>Les portes du Verger sont ouvertes \u00e0 tous ses membres Les\u00a0associations \u00e0 but non lucratif peuvent aussi adh\u00e9rer au Verger [&hellip;]<\/p>\n","protected":false},"author":3823,"featured_media":0,"parent":0,"menu_order":0,"comment_status":"closed","ping_status":"closed","template":"page-templates\/full-width.php","meta":[],"_links":{"self":[{"href":"https:\/\/levergerdechamplion.org\/index.php?rest_route=\/wp\/v2\/pages\/227"}],"collection":[{"href":"https:\/\/levergerdechamplion.org\/index.php?rest_route=\/wp\/v2\/pages"}],"about":[{"href":"https:\/\/levergerdechamplion.org\/index.php?rest_route=\/wp\/v2\/types\/page"}],"author":[{"embeddable":true,"href":"https:\/\/levergerdechamplion.org\/index.php?rest_route=\/wp\/v2\/users\/3823"}],"replies":[{"embeddable":true,"href":"https:\/\/levergerdechamplion.org\/index.php?rest_route=%2Fwp%2Fv2%2Fcomments&post=227"}],"version-history":[{"count":120,"href":"https:\/\/levergerdechamplion.org\/index.php?rest_route=\/wp\/v2\/pages\/227\/revisions"}],"predecessor-version":[{"id":1534,"href":"https:\/\/levergerdechamplion.org\/index.php?rest_route=\/wp\/v2\/pages\/227\/revisions\/1534"}],"wp:attachment":[{"href":"https:\/\/levergerdechamplion.org\/index.php?rest_route=%2Fwp%2Fv2%2Fmedia&parent=227"}],"curies":[{"name":"wp","href":"https:\/\/api.w.org\/{rel}","templated":true}]}}

<p></p>
<h1 style="text-align: center;">Les portes du Verger sont ouvertes à tous ses membres</h1>
<p></p>
<p></p>
<p></p><p></p>
<p>Les associations à but non lucratif peuvent aussi adhérer au Verger de Champlion . Elles permettent ainsi à leurs membres et bénéficiaires de profiter des séjours , aussi bien pour des séminaires de travail que pour des vacances accessibles ou éventuellement pour participer à nos chantiers de jardinage et rénovation.</p>
<p></p>
<p></p>
<p></p><p>&#8211; <strong>Particuliers urbains</strong> qui veulent se garantir des pauses au vert, soit en week-end ou séjour tranquille, soit à l&rsquo;occasion de chantiers de rénovation ou jardinage.</p>
<p>&#8211; <strong>Voisins du canton</strong> qui voudront offrir à leurs amis une étape se sommeil ou une journée de fête, à l&rsquo;occasion d&rsquo;anniversaires, célébrations diverses ou évènements publics locaux.</p>
<p>&#8211; <strong>Associations</strong> qui veulent proposer à leurs membres des locaux pour un séminaire de travail ou une excursion dans la région, abordable car rustique, participatif et accessible.</p>
<p>&#8211; <strong>Associations caritatives</strong> qui veulent proposer à leurs bénéficiaires quelques jours de repos pour se ressourcer, ou une nuit à l&rsquo;abri en cas d&rsquo;urgence.</p><h3 style="text-align: center;">Sous l’œil vigilant de l’adhérent responsable, les enfants, les personnes âgées dépendantes <br />et les animaux de compagnie sont très bienvenus.</h3>		
												<img src="https://levergerdechamplion.org/wp-content/uploads/elementor/thumbs/Le-groupe-ok5t7sgie1ti9p2cx8apdhejrnvlwcy3kukgmnlhh0.jpg" title="Le groupe" alt="Le groupe" loading="lazy" />														
		<p>Les participations et les dons sont les seuls revenus de cette jeune association Loi 1901, non lucrative.</p>
<p>Une inscription de 10€ par an permet au Verger de supporter ses premières charges, et aux membres de pouvoir jouir du lieu tout au long de l&rsquo;année.</p>
<p>Choisir ensemble les menus et leurs coûts assure des repas au goût et selon les moyens de tous . <br />Les participations en nature (matériaux pour la rénovation de la maison, outils pour le verger etc), ou en services professionnels et artisanaux, sont aussi valorisées quotidiennement, au bénéfice des adhérents qui les proposent. </p><p>En vous remerciant tous.</p>		
												<img width="150" height="150" src="https://levergerdechamplion.org/wp-content/uploads/2020/01/19060094_660922224107765_9086911031278284727_n-150x150.jpg" alt="" loading="lazy" srcset="https://levergerdechamplion.org/wp-content/uploads/2020/01/19060094_660922224107765_9086911031278284727_n-150x150.jpg 150w, https://levergerdechamplion.org/wp-content/uploads/2020/01/19060094_660922224107765_9086911031278284727_n-300x300.jpg 300w, https://levergerdechamplion.org/wp-content/uploads/2020/01/19060094_660922224107765_9086911031278284727_n.jpg 320w" sizes="(max-width: 150px) 100vw, 150px" />														
		<p style="text-align: center;"><br />Cécile<br />Présidente de l&rsquo;association</p><p>Longtemps assistante de directions juridiques ou internationales, Cécile se dédie à ses responsabilités dans les milieux associatifs qui l’apprécient.</p><p>« Je viens à Champlion depuis mon plus jeune âge et à mi-vie, j’ai choisi de concrétiser mon projet personnel. Je suis soutenue par le souvenir de mes chers disparus et l’efficacité de mes amis. »</p>		
												<img width="150" height="150" src="https://levergerdechamplion.org/wp-content/uploads/2023/12/lvc-ago23Geo-150x150.jpg" alt="" loading="lazy" srcset="https://levergerdechamplion.org/wp-content/uploads/2023/12/lvc-ago23Geo-150x150.jpg 150w, https://levergerdechamplion.org/wp-content/uploads/2023/12/lvc-ago23Geo-300x300.jpg 300w" sizes="(max-width: 150px) 100vw, 150px" />														
		<p style="text-align: center;"><br />Georges<br />Secrétaire</p><p>Membre actif de l&rsquo;association depuis 2020.</p><p>« J&rsquo;ai découvert le verger de Champlion sur la carte de la fabrique des <br clear="none">colibris, au printemps 2020, alors que j&rsquo;habite à une quinzaine de <br clear="none">kilomètres du lieu. Je me sens en phase avec les objectifs du projet, et <br clear="none">souhaite le soutenir du mieux que je peux. »</p>		
												<img width="150" height="150" src="https://levergerdechamplion.org/wp-content/uploads/2022/05/jasmine-150x150.jpg" alt="" loading="lazy" srcset="https://levergerdechamplion.org/wp-content/uploads/2022/05/jasmine-150x150.jpg 150w, https://levergerdechamplion.org/wp-content/uploads/2022/05/jasmine-300x300.jpg 300w" sizes="(max-width: 150px) 100vw, 150px" />														
		<p>Jasmine<br />Trésorière</p><p>« Nous avons soutenu activement le projet dès son origine et apprécions 
de retrouver au Verger de Champlion la tranquillité des espaces 
naturels, la verdure, les récoltes et le patrimoine rural &lsquo;que nous 
aimons »</p>		
			<h1>Contact</h1>		
		ccegalerba@yahoo.fr
&nbsp;01 60 32 95 90
ou rendez-vous sur la page Facebook <a href="https://www.facebook.com/groups/2609454769136951/">Le verger de Champlion</a>

<p>Les portes du Verger sont ouvertes à tous ses membres Les associations à but non lucratif peuvent aussi adhérer au Verger [&hellip;]</p>
